s of 399356567.
23, 821, 21149
What are the prime factors of 19286870?
2, 5, 1928687
List the prime factors of 158889339.
3, 7, 2522053
What are the prime factors of 481048072?
2, 233, 421, 613
List the prime factors of 40323052.
2, 7, 11, 89, 1471
What are the prime factors of 2624992756?
2, 179, 953, 3847
What are the prime factors of 707297?
73, 9689
What are the prime factors of 216973697?
23, 389, 24251
What are the prime factors of 41810297?
23, 1817839
List the prime factors of 4684823678.
2, 23, 6101, 16693
What are the prime factors of 346637544?
2, 3, 11, 883, 1487
List the prime factors of 4695594895.
5, 939118979
What are the prime factors of 483455425?
5, 107, 180731
What are the prime factors of 483716267?
483716267
What are the prime factors of 656587931?
59, 179, 62171
What are the prime factors of 173341458?
2, 3, 1070009
What are the prime factors of 106153497?
3, 1310537
What are the prime factors of 41115036?
2, 3, 47, 269, 271
List the prime factors of 1383966922.
2, 13, 53229497
List the prime factors of 126907058.
2, 89, 712961
What are the prime factors of 324155499?
3, 31, 59, 59077
What are the prime factors of 946205971?
946205971
List the prime factors of 157263362.
2, 17, 4625393
What are the prime factors of 4650388675?
5, 17, 179, 61129
What are the prime factors of 1716322409?
31, 55365239
List the prime factors of 180814059.
3, 41, 163337
List the prime factors of 29965814.
2, 14982907
What are the prime factors of 8600467066?
2, 43, 100005431
What are the prime factors of 3277741049?
11, 17, 419, 3803
List the prime factors of 64587604.
2, 16146901
List the prime factors of 165910590.
2, 3, 5, 37, 49823
What are the prime factors of 3240631975?
5, 7, 911, 20327
List the prime factors of 43595534.
2, 23, 947729
List the prime factors of 67082508.
2, 3, 1863403
List the prime factors of 474145950.
2, 3, 5, 19, 43, 53, 73
List the prime factors of 204342138.
2, 3, 7, 11, 13, 1031
List the prime factors of 946485306.
2, 3, 13, 1301, 3109
List the prime factors of 13049512.
2, 7, 31, 7517
List the prime factors of 3827819669.
139, 157, 175403
List the prime factors of 133299829.
13, 10253833
What are the prime factors of 2300394678?
2, 3, 17, 139, 162251
List the prime factors of 7098433961.
5407, 1312823
List the prime factors of 2376224407.
337, 7051111
List the prime factors of 278397563.
137, 257, 7907
What are the prime factors of 100041533?
100041533
List the prime factors of 14915101.
53, 347, 811
List the prime factors of 5664307.
11, 461, 1117
List the prime factors of 347155336.
2, 11, 271, 14557
What are the prime factors of 85083980?
2, 5, 17, 251, 997
List the prime factors of 59273242.
2, 7, 604829
List the prime factors of 1270854214.
2, 7, 181, 241, 2081
What are the prime factors of 74975337?
3, 53, 157181
What are the prime factors of 270319998?
2, 3, 13, 103, 33647
List the prime factors of 867327109.
11, 2713, 29063
List the prime factors of 4825749128.
2, 79, 263, 29033
What are the prime factors of 365440418?
2, 7, 113, 230999
What are the prime factors of 250192866?
2, 3, 7, 11, 541543
List the prime factors of 221993189.
11, 1579, 12781
List the prime factors of 549518574.
2, 3, 11, 17, 89, 5503
List the prime factors of 185075875.
5, 1019, 1453
What are the prime factors of 446968193?
7, 63852599
List the prime factors of 2599198076.
2, 23, 28252153
List the prime factors of 2381148096.
2, 3, 19, 652727
What are the prime factors of 357677834?
2, 233, 767549
List the prime factors of 227509393.
10061, 22613
List the prime factors of 174263038.
2, 41, 521, 4079
List the prime factors of 7546173477.
3, 23, 7517, 14549
List the prime factors of 996055676.
2, 7, 11, 113, 28619
List the prime factors of 225132831.
3, 7, 11, 108289
What are the prime factors of 748698206?
2, 374349103
List the prime factors of 59360752.
2, 11, 337277
What are the prime factors of 36723699?
3, 453379
What are the prime factors of 153578947?
59, 2603033
What are the prime factors of 2207110300?
2, 5, 19, 1161637
List the prime factors of 1185479198.
2, 19, 31196821
What are the prime factors of 804785579?
13, 61906583
What are the prime factors of 879837804?
2, 3, 709, 34471
What are the prime factors of 215612369?
7, 61, 504947
What are the prime factors of 480162857?
47, 241, 42391
List the prime factors of 21532169.
21532169
What are the prime factors of 2914055654?
2, 1457027827
List the prime factors of 579886493.
41, 281, 50333
List the prime factors of 1231579087.
7723, 159469
List the prime factors of 1361764267.
6337, 214891
What are the prime factors of 161397501?
3, 31, 643, 2699
List the prime factors of 117689835.
3, 5, 107, 73327
What are the prime factors of 34307422?
2, 593, 28927
What are the prime factors of 161925359?
23, 41, 171713
What are the prime factors of 310696432?
2, 97, 200191
What are the prime factors of 310861759?
13, 29, 709, 1163
What are the prime factors of 186546813?
3, 23, 2703577
List the prime factors of 32126052.
2, 3, 7, 181, 2113
List the prime factors of 435876632.
2, 1301, 41879
What are the prime factors of 3515259857?
3515259857
What are the prime factors of 274551394?
2, 13, 17, 67, 73, 127
What are the prime factors of 29257130?
2, 5, 7, 417959
What are the prime factors of 1035439318?
2, 517719659
What are the prime factors of 631957132?
2, 67, 2358049
What are the prime factors of 652990442?
2, 13, 19, 67, 109, 181
List the prime factors of 61693154.
2, 79, 390463
List the prime factors of 2717630604.
2, 3, 13, 269, 21587
What are the prime factors of 39366861?
3, 1997, 6571
What are the prime factors of 15676996?
2, 3919249
What are the prime factors of 2984193336?
2, 3, 181, 686969
List the prime factors of 4201002472.
2, 525125309
What are the prime factors of 279245360?
2, 5, 103, 33889
List the prime factors of 2090267756.
2, 227, 1237, 1861
List the prime factors of 796251389.
17, 46838317
List the prime factors of 1212900.
2, 3, 5, 13, 311
What are the prime factors of 744286426?
2, 13, 28626401
List the prime factors of 83362186.
2, 17, 1423, 1723
List the prime factors of 2934588803.
28001, 104803
List the prime factors of 17098626.
2, 3, 2849771
What are the prime factors of 30934598?
2, 83, 331, 563
List the prime factors of 535506812.
2, 133876703
List the prime factors of 21462567.
3, 7, 229, 4463
List the prime factors of 124645105.
5, 13, 17, 8677
List the prime factors of 251962584.
2, 3, 281, 37361
What are the prime factors of 1479138533?
17, 23, 29, 130447
List the prime factors of 177316529.
13, 13639733
List the prime factors of 3329798508.
2, 3, 92494403
List the prime factors of 831704445.
3, 5, 11, 13, 307, 421
What are the prime factors of 277201606?
2, 11, 109, 115597
What are the prime factors of 2448939491?
59, 263, 157823
What are the prime factors of 34132663?
1753, 19471
List the prime factors of 463386210.
2, 3, 5, 7, 2206601
What are the prime factors of 954701578?
2, 477350789
List the prime factors of 130341866.
2, 373, 174721
List the prime factors of 604777888.
2, 11, 13, 149, 887
List the prime factors of 1320362740.
2, 5, 439, 150383
What are the prime factors of 2110972620?
2, 3, 5, 17, 2069581
List the prime factors of 1283621866.
2, 293, 2190481
What are the prime factors of 3599674877?
17, 211745581
What are the prime factors of 941084402?
2, 17, 19, 76673
What are the prime factors of 11693711?
67, 174533
List the prime factors of 45941860.
2, 5, 2297093
List the prime factors of 47216783.
457, 103319
List the prime factors of 13237283.
443, 29881
What are the prime factors of 37757025?
3, 5, 167809
List the prime factors of 1495847082.
2, 3, 83, 3003709
What are the prime factors of 70482973?
11, 2473, 2591
List the prime factors of 34268102.
2, 11, 1557641
List the prime factors of 2776107164.
2, 31, 22387961
What are the prime factors of 4393460125?
5, 29, 47, 107, 241
List the prime factors of 1894122309.
3, 71, 641, 13873
List the prime factors of 7693934.
2, 83, 46349
List the prime factors of 38795385.
3, 5, 2586359
List the prime factors of 2262464240.
2, 5, 28280803
List the prime factors of 22012600.
2, 5, 110063
What are the prime factors of 152810362?
2, 41, 1863541
What are the prime factors of 668511332